est common divisor of l and q.
8
Let c be (360/(-75))/((-4)/30). What is the greatest common factor of c and 12?
12
Suppose 25*g + 148 = 698. Calculate the highest common divisor of g and 418.
22
Let w(l) = 3*l + 3*l - 4*l - 3*l - 4. Let r be w(-10). Calculate the greatest common factor of r and 48.
6
Suppose 3*d + 3*d = 12. Calculate the highest common factor of 16 and d.
2
Let z(p) = -p**2 - 5*p - 2. Let x be z(-3). Let l(w) = -2*w**3 - 2*w + 5. Let y be l(-3). Let n = 75 - y. Calculate the highest common divisor of n and x.
2
Let n(b) = -9*b. Suppose -9 = -5*o + 3*h - 4, 4*h = 3*o - 3. Let s be n(o). Let m be 8/36 - 106/s. What is the highest common factor of m and 12?
12
Suppose 0 = 4*m - 128 - 8. Let a(r) = -r**3 + 3*r**2 + 2*r + 3. Let u be a(-3). What is the highest common divisor of m and u?
17
Let j(q) = 36*q**2 + 14*q - 3. Let u be j(-4). What is the highest common divisor of u and 22?
11
Suppose -2*b = -b - 3. Suppose 4*s = -2*v + 96, -3*s + 8*s + b*v = 122. What is the greatest common factor of 77 and s?
11
Suppose 4*q - 3*q = -5*j - 1, 3*q - 5*j = 17. Suppose -q*n + 42 = 2. What is the greatest common factor of 50 and n?
10
Let v be ((-43)/3)/((-2)/(-6)). Let w = v + 89. Let p be -2 - w/(-3)*3. Calculate the highest common factor of 11 and p.
11
Let r be (3 + -1)*-2*64*6. Let v be r/(-45) + -3*(-6)/(-135). Calculate the highest common factor of v and 238.
34
Suppose -4*f + 37 = 25. Suppose 4*s + 71 = 5*x, -4*s + f*s = x - 7. Calculate the greatest common divisor of x and 11.
11
Let c be ((-10)/(-80))/((-2)/20)*-4. Suppose c*n - 8*n + 48 = 0. Suppose -4*q = w - 704, -w + 352 = 2*q + 2*w. What is the highest common factor of q and n?
16
Suppose -o - 11*o + 372 = 0. Calculate the highest common factor of 341 and o.
31
Let p(z) = -z + 74. Let g be p(-26). Calculate the greatest common divisor of g and 1300.
100
Let g = -104 - -116. Let p = -1 + 1. Let a(t) = t + 84. Let b be a(p). Calculate the highest common divisor of b and g.
12
Let i(s) = -2*s**2 - 27*s + 12. Let l be i(-14). Let j be 7 - 7 - 2*l. Calculate the highest common factor of 1 and j.
1
Let h = -18 - -21. Suppose -r - 84 = -h*r. What is the greatest common factor of 21 and r?
21
Let r = 126 + -87. Suppose -3*d + 6 + 9 = 3*o, 0 = 3*o + 5*d - 13. Suppose -o*l = -3*l - r. What is the greatest common factor of 13 and l?
13
Suppose 0 = -4*l - 0*l + z + 6, 5*l - 1 = -2*z. Let o = l + 3. Let j be -1 + 1*12/o. Calculate the greatest common factor of j and 3.
1
Let g = 44 + -48. Let a(w) be the third derivative of w**5/30 + w**4/6 - w**3/2 - w**2. Let o be a(g). What is the greatest common divisor of o and 91?
13
Let w(f) = 9*f**2 + 2*f + 1. Let y be w(-1). Let v(n) = n**3 - 6*n**2 - 14*n. Let j be v(y). What is the greatest common divisor of j and 2?
2
Let l(w) = 2*w**2 + 25*w + 4. Let m be l(-13). Let r(u) = 84*u + 2. Let b be r(2). What is the highest common divisor of b and m?
17
Let c be 14/(-21) + 34/6. Suppose -42 = 2*w - c*w. Let n be 2/w - (-90)/7. Calculate the greatest common divisor of n and 143.
13
Suppose -5*c + 0*r + 2*r + 12 = 0, -4 = -c + 2*r. Suppose 4*b = m - 20, 0 = 2*m + c*b - 0*b - 60. What is the greatest common factor of 308 and m?
28
Let o be 3094/78*3*1. Suppose 6*a - 127 - o = 0. What is the greatest common divisor of 82 and a?
41
Suppose -h + 19 - 5 = 0. Suppose 2*q - 10 = h. Let k = -9 + 17. Calculate the highest common factor of k and q.
4
Let q(h) = -6*h - 12. Let d be q(-5). Suppose -99 - d = -r. Calculate the greatest common divisor of 39 and r.
39
Let n = -189 + 219. Calculate the greatest common factor of n and 50.
10
Suppose 2*z + 4 = 0, 4*k + z + 0*z + 30 = 0. Let f(s) = -12*s - 4. Let h be f(k). What is the greatest common factor of 16 and h?
16
Let v be (-6)/9 - (1 + 173/(-3)). Let c be -3 + (2 - 3) + 154. Suppose 5*w + 4*l - 120 = 0, -4*w - w + c = -2*l. What is the highest common factor of w and v?
28
Suppose -4*k - 2*a + 5 + 5 = 0, -a = 5*k - 20. Let w(q) = q**3 - 6*q**2 + 8*q - 9. Let x be w(k). What is the greatest common factor of x and 15?
3
Suppose 0 = -3*t + 7*t + 2*r - 100, 0 = -4*r - 8. Suppose -3*y = 3*p - 0*p - 126, y - 54 = -5*p. Calculate the greatest common factor of y and t.
13
Suppose 0 = 93*h - 96*h + 363. What is the highest common divisor of 22 and h?
11
Suppose 5*c - 3*z = -27, 0 = -4*c - 5*z + 7*z - 20. Let r be 3 - -23 - (c - (0 + -1)). What is the greatest common factor of r and 28?
28
Let c = 5 + 0. Suppose 496 = 4*o + 5*s - s, -o + c*s + 148 = 0. Suppose 2*f + o = 5*f + 5*i, 5*i + 127 = 2*f. Calculate the greatest common factor of f and 34.
17
Let l be 6 + (1 - 0)*3. Suppose -o + 3*o + l = 5*m, -3*o = -m - 19. Let p be 24/36 + (-166)/(-3). What is the greatest common factor of p and o?
8
Let m(i) = -i**3 + 3*i**2 + 9*i + 5. Let s be m(-7). Suppose 0*c + s = 3*c. Let l be 1/(-2)*(-26 + -6). Calculate the greatest common divisor of l and c.
16
Let c = -1249 - -1349. Calculate the greatest common factor of 575 and c.
25
Suppose -19*x = -51*x + 1536. What is the greatest common divisor of 324 and x?
12
Let f = -589 + 677. What is the greatest common factor of f and 88?
88
Let r(b) = 5*b + 46. Let o be r(-6). Suppose 0 = 2*h - 23 - 9. Calculate the highest common divisor of o and h.
16
Suppose -35*m + 30*m + 5*t + 155 = 0, t - 71 = -2*m. Calculate the highest common divisor of m and 8.
2
Suppose -4*h + 1182 = -1078. Let g = -269 + h. Calculate the highest common divisor of 37 and g.
37
Let g(h) = -4*h - 5. Let l be g(-4). Suppose -81 = -2*a + 5*p, 2*p = 3*a - 72 - 33. What is the greatest common factor of l and a?
11
Let q(i) = i**3 - 6*i**2 + 3*i - 6. Let f(g) = 4*g - 26. Let a be f(8). Let v be q(a). What is the greatest common divisor of 12 and v?
12
Suppose -5*v + 156 - 366 = 0. Suppose -4*d - 3*l = 264, d - 4*l + 2*l + 77 = 0. Let r = v - d. What is the highest common divisor of r and 27?
27
Suppose -12*a + 18 + 18 = 0. Suppose -8*q + 29 + a = 0. Calculate the highest common divisor of 12 and q.
4
Let m be (-92)/(-138)*42/4. Calculate the highest common factor of m and 98.
7
Suppose 11 = 4*j - 5*v - 26, -j - v - 2 = 0. Let r be (-4 - (1 - j))/(4/(-22)). Calculate the highest common divisor of r and 55.
11
Suppose 0 = 7*y - 6 - 8. Suppose y*d = -2*w - 8, -2 = d - 5*w + 2. Let q be (-192)/(-9)*(-66)/d. What is the greatest common factor of 32 and q?
32
Suppose -2*u + 34 = -26. Let o(m) = -4*m**3 + 30*m**2 - 13*m + 38. Let g be o(7). Calculate the greatest common factor of g and u.
15
Suppose 10*y + 0*y + 80 = 0. Let f(q) = q**3 + 8*q**2 - 4*q - 5. Let h be f(y). What is the highest common factor of 189 and h?
27
Let r(l) = l**2 + 8*l - 11. Let z be r(-10). Let o = 240 + -234. Calculate the greatest common factor of o and z.
3
Let a(n) = n**2 + 3*n + 4. Let t be a(-3). Suppose -t*c + x - 4*x + 48 = 0, 5*x = 5*c - 60. Calculate the greatest common factor of 36 and c.
12
Suppose 0 = 5*l - 3*l - 16. Suppose 21*d - 25*d + l = 0. Suppose 2*h - 40 = -4*o, -d*h + 5*h - 4*o = 40. Calculate the greatest common divisor of 16 and h.
16
Let b be 7/(-1)*(2 - 4). Suppose 5*g = -2*z + 747, 4*g - 775 + 151 = 5*z. Let s be 6/4*2 + 0 + g. Calculate the highest common divisor of s and b.
14
Let n be 2*11/(-2) - -127. Calculate the greatest common factor of 580 and n.
116
Suppose 3 = 3*t, -46*t = -5*l - 45*t + 464. Calculate the greatest common divisor of l and 6.
3
Suppose -q = -6*c + c - 2, -4*c - q = 7. Let z = 1 - c. Suppose -2*x = 3*t - x - 40, 4*t - 40 = z*x. Calculate the highest common divisor of 36 and t.
12
Suppose -3*m - 1 = 4*k, -k + 2*m = -0*m - 8. Suppose 3*f + k*r - 15 = -2*r, 4*r = -5*f + 17. What is the highest common factor of f and 5?
1
Let v be 12/18 + (-8)/(-6). Let w(n) = 4*n**3 - 2*n**2 - 1. Let c be w(v). Let j = c + -15. Calculate the greatest common divisor of 56 and j.
8
Suppose 3*g + m - 4 = 3*m, 5*g - 13 = -3*m. Suppose g*a - 11 = 9. What is the highest common divisor of 130 and a?
10
Suppose -840*s = -839*s - 18. What is the greatest common divisor of 693 and s?
9
Suppose 9*y + 360 = 450. What is the highest common factor of y and 45?
5
Let c(w) = -2*w + 95*w**3 - 10 - 2*w - 7*w**2 - 48*w**3 - 48*w**3. Let i be c(-7). Calculate the greatest common factor of i and 72.
18
Suppose -9*c = -13*c + 128. Suppo